 14/(-2)). Suppose -15 = -3*h + 2*h - 2*y, 2*h - 4*y = -2. Suppose -3*b + h = d*j, b + 3*j - 1 = -4. List the prime factors of b.
3
Suppose 0 = -5*t - 5*y + 20, 3*y - y + 8 = 0. Let d = t - 17. List the prime factors of 7 + 3*6/d.
5
Suppose -6*i = 224 + 436. List the prime factors of (-36)/(-30)*i/(-4).
3, 11
Suppose 0 = -4*p + 5*p + 62. Let g = -43 - p. What are the prime factors of g?
19
Suppose 0 = 2*z + 1 + 5. Let y be (2 + 16/(-6))*z. Suppose y*v - 21 = v. List the prime factors of v.
3, 7
Let d(l) = l + 8. What are the prime factors of d(-4)?
2
Let r(j) = 23*j. List the prime factors of r(1).
23
Let s(d) = 11*d**2 + 3*d - 4. List the prime factors of s(-2).
2, 17
Suppose -2*p - 5*g = -75, p - 4 - 38 = 2*g. What are the prime factors of p?
2, 5
Let p be (12/(-18))/((-2)/6). What are the prime factors of (12/p)/(-2)*-1?
3
Suppose -4*l = s + l - 30, 2*s + 3*l = 25. Let y(v) = v**3 - 6*v**2 + 11*v. What are the prime factors of y(s)?
2, 3, 5
Let m(x) = -x + 16. Let p be m(13). Suppose -p = v - 26. What are the prime factors of v?
23
Let d(z) = -5*z**3 + 7*z**2 + 9*z + 26. Let s(g) = 3*g**3 - 5*g**2 - 6*g - 17. Let n(y) = -5*d(y) - 8*s(y). What are the prime factors of n(-4)?
2, 5
Let w = -11 - -16. Suppose 10*x = w*x + 80. Suppose -x = -5*u - 1. What are the prime factors of u?
3
Let i = -2 + 4. Let t be (-1)/1 + i - -5. List the prime factors of 0/(2 - -1) + t.
2, 3
Suppose 8 = -2*b + 4*f, 45 = -5*b + f + 4*f. Let s = -8 - b. List the prime factors of s.
2, 3
Let h(c) = -3*c**2 - 20*c + 8. Let j(s) = -s**2 - s - 1. Let f(k) = h(k) - 2*j(k). List the prime factors of f(-17).
3
Suppose 3 = -3*u, -2*y + 4*y + 4*u = 0. Let l = y - -2. What are the prime factors of l?
2
Let n(l) = -l + 7. Let q be n(4). Suppose 3*o + 3*j - 48 = 0, -q*o - 4*j = -5*o + 26. List the prime factors of o.
3, 5
Let x = -2 + 4. Let d(y) = -7*y + x*y + 2*y. What are the prime factors of d(-3)?
3
Suppose -7*t = -3*t - 180. What are the prime factors of t?
3, 5
Suppose 2*a = -2*w + 262, -w = -5*a + w + 648. What are the prime factors of a?
2, 5, 13
Let r = 77 - 45. What are the prime factors of r?
2
Let h(a) = 14*a**3 - a**2 - 7*a - 1. List the prime factors of h(3).
347
Let p be -12*(5/2 - 2). Let i = -1 - p. Suppose -2*q = -i*q + 12. List the prime factors of q.
2
Suppose -5*h = 4 - 9. Let p(t) = 36*t + 1. Let u be p(h). Suppose -5*r + u + 18 = 0. List the prime factors of r.
11
Let m = -2 - -2. Let d = 1 - -1. Suppose -o = -d*z + o + 10, -2*o = m. List the prime factors of z.
5
Suppose -480 = -5*g - 3*g. List the prime factors of g.
2, 3, 5
Let i(y) = -y**2 + 9*y - 2. Let a = 23 - 15. List the prime factors of i(a).
2, 3
Suppose 0 = -5*z + 5 + 845. List the prime factors of z.
2, 5, 17
Let s be (18/(-4))/(18/(-120)). Suppose -2*v - v = -s. List the prime factors of v.
2, 5
What are the prime factors of (-8)/(-10) + (-62)/(-10)?
7
Suppose m - 4*r = 129, -3*r = 5*m - 293 - 467. What are the prime factors of m?
149
Let a(d) = -d**3 + 7*d**2 - 7*d + 8. Let p be a(6). Let s = -3 + p. Let m = 6 + s. List the prime factors of m.
5
Let g = -338 - -591. What are the prime factors of g?
11, 23
Let p = 343 + -199. List the prime factors of p.
2, 3
What are the prime factors of 32/(3/24*4)?
2
Suppose 0*q - 4*q = 4*j - 48, j = 4*q + 12. Let f be (j/(-5))/4*-15. What are the prime factors of 2*(f/2 + -1)?
7
Let d(n) = -2*n - 1. Let k be d(0). List the prime factors of k + 6 + -3 - -40.
2, 3, 7
Suppose 27 = -2*y + 153. What are the prime factors of y?
3, 7
Suppose 0 = -2*o + 4, -2*o = -5*z + 3*o. Suppose -6*p + 8 = -z*p. Suppose p*d = 4*d - 10. What are the prime factors of d?
5
Suppose -2*g = -8 - 6. Suppose 0 = -g*f + 3*f + 32. What are the prime factors of f?
2
What are the prime factors of 381/15 - 2/5?
5
Let n = -38 + 75. Suppose s = 2*g - 7*g - 34, -n = 5*g - 2*s. What are the prime factors of 0 - 1 - g - 1?
5
Suppose 3*q + 8 = 32. List the prime factors of q/12*(2 + 1).
2
Let z = -35 + 15. Let b = z - -29. What are the prime factors of b?
3
Suppose 0 = 3*w - 4*c + 74 + 27, -3*w - 99 = -3*c. Let b be (8/4 - 1)*-47. Let l = w - b. What are the prime factors of l?
2
Let s(y) = y**2 + 5*y + 9. Let d be s(-4). Suppose d*n - 137 = 48. What are the prime factors of n?
37
Let c = 4 + -2. Suppose -2*a + 4*g = -4, a + c = 2*a - 4*g. What are the prime factors of a?
2
List the prime factors of 10/(33/9 + -3).
3, 5
Suppose t - 4*d + d = 382, -2*d = t - 367. What are the prime factors of t?
373
Suppose 3*h - 89 = -4*y, -3*y + 3*h + 91 = 2*y. What are the prime factors of y?
2, 5
Let a be 35/(3/60*4). Suppose q - 5*o = 35, 5*q + o - 4*o = a. What are the prime factors of q?
5, 7
Suppose 7*m + 7*m - 252 = 0. What are the prime factors of m?
2, 3
Let s = -108 + 62. Let g = -27 - s. List the prime factors of g.
19
Let r(d) = d**2 + 5*d + 3. Let t be r(-2). Suppose 32 = 3*o - 106. List the prime factors of 2/(-6) - o/t.
3, 5
Suppose -6 = 3*s, -4*g = -2*s + 7 + 33. Let f = 1 - g. List the prime factors of f.
2, 3
Let h = -15 + 22. Let q = 3 + h. List the prime factors of q.
2, 5
Suppose -6*u = -5*u - 34. What are the prime factors of u?
2, 17
Let f(q) = 3*q**3 + 50*q**2 + 10*q - 5. List the prime factors of f(-16).
347
Suppose 501 + 21 = 9*s. What are the prime factors of s?
2, 29
Suppose 0 = -2*g + 5*w - 3 + 1, 5*g - 12 = 4*w. Suppose r - 2*o = 2, o - 13 = -g*r + 22. What are the prime factors of r?
2
Suppose -11 - 2 = -i. What are the prime factors of i?
13
List the prime factors of 23*2*2/4.
23
Let m = 15 - 4. Let i = m - 7. What are the prime factors of i?
2
List the prime factors of (-2)/((-3)/(1212/8)).
101
Suppose 0 = -5*n - 4*s + s + 14, n + 5*s = -6. Suppose 0 = 4*y - 5*o + 38, -5*y - 10 - 58 = n*o. What are the prime factors of (-273)/y - (-4)/16?
23
List the prime factors of 3*(-4)/(-6)*24.
2, 3
Let v(g) = -2*g - 16. What are the prime factors of v(-9)?
2
Let s = 27 + -45. Let h = 67 + -38. Let m = s + h. What are the prime factors of m?
11
Let m be 2 - -1 - (-1 + 6). What are the prime factors of (-4 - 19)/(m/2)?
23
List the prime factors of 21/14*88/6.
2, 11
Let i be (-2)/3 - 17/(-3). Suppose -18 = i*n - 2*n. Let c = -4 - n. What are the prime factors of c?
2
Let h(b) = 7 + 4*b + b + 0*b - 3*b. List the prime factors of h(11).
29
Let p be (-30)/40*(-9 - -1). Suppose h - 22 = -x, -p*x + x + 83 = -4*h. List the prime factors of x.
19
Let p be 4/10 + 4/(-10). Suppose 3*k + k = p. Suppose o - 26 + 6 = 3*m, k = -m - 3. List the prime factors of o.
11
What are the prime factors of (1170/(-25))/(6/(-15))?
3, 13
Let s(k) = 6*k - 31. What are the prime factors of s(6)?
5
Let n(j) = -j**3 - 8*j**2 - j - 5. Let v be n(-8). Let g be v/3*-1 - -1. Suppose g*f = f - 4. What are the prime factors of f?
2
Let i = -3 + 7. Suppose 3*x - 37 = i*g, -4*x - 6*g = -3*g - 16. List the prime factors of x.
7
Let m(j) = 4*j**2 - j + 2. Let o(n) = 3*n**2 - n + 1. Let k(u) = 4*m(u) - 5*o(u). List the prime factors of k(-5).
23
What are the prime factors of ((-36)/(-16) + -4)/(2/(-136))?
7, 17
Suppose -3 = 2*b + 2*l - 1, -5*b + 4 = 2*l. What are the prime factors of b?
2
Let o = 14 + -6. Let h be (o/(-6))/(3/(-18)). Suppose -2*c + h = 2*c. List the prime factors of c.
2
Let x = -25 - -62. List the prime factors of x.
37
Let m = -5 - -6. Let y = m + 1. List the prime factors of 11 - y/(-6)*0.
11
Suppose -2*p + 5*p + 27 = 0. Let t = -5 - p. What are the prime factors of t?
2
Let t(d) = 2*d + 16. Let f be t(-7). Suppose -f*b - 2*o + 92 = -6*o, 4*o + 16 = 0. What are the prime factors of b?
2, 19
Suppose -1311 = -5*y + 2*z, 5*y - 5*z = 613 + 707. What are the prime factors of y?
3, 29
Let k(h) = 10*h - 6. What are the prime factors of k(7)?
2
Let i(b) = -b**3 - 6*b**2 - b - 2. Let c be i(-6). What are the prime factors of (-8)/(5/((-10)/c))?
2
Let p(i) = -i + 1 + 0 + 2*i. Let v be p(5). Suppose f = v + 5. What are the prime factors of f?
11
Let i = 11 + -15. Let a = 4 - i. List the prime factors of a.
2
Let x be (2 - 1) + 9 + 2. List the prime factors of (-10)/(-8) + 9/x.
2
Let r(d) = -d + 22. Let h be r(0). Suppose 3*b - 2*b - h = 0. List the prime factors of b.
2, 11
Let y = 142 + -52. What are the prime factors of y?
2, 3, 5
Let g = 129 - 9. What are the prime factors of g?
2, 3, 5
Suppose 0 = 4*y - 5*d + 27, 